 481 divide 165032062?
True
Does 6 divide 26140896?
True
Is 46 a factor of 174709656?
True
Does 9 divide 174296349?
True
Does 1229 divide 5790406?
False
Is 127160901 a multiple of 66?
False
Is 10667088 a multiple of 26?
False
Does 60 divide 43590120?
True
Is 49 a factor of 184505819?
False
Is 212092896 even?
True
Does 30 divide 318757440?
True
Does 1280 divide 34606069?
False
Is 395634930 even?
True
Does 353 divide 52232704?
True
Is 302 a factor of 8353924?
True
Is 19 a factor of 228043947?
True
Does 17 divide 83286009?
True
Does 45 divide 421094752?
False
Does 4 divide 1077711904?
True
Is 3305711809 a multiple of 1641?
False
Does 1538 divide 1675477206?
True
Is 11 a factor of 498836723?
True
Is 7665 a factor of 4666068750?
True
Is 75 a factor of 73272830?
False
Is 37 a factor of 933842889?
True
Is 161 a factor of 183549338?
True
Is 465248750 a multiple of 3985?
True
Is 5693 a factor of 339524827?
True
Is 336 a factor of 19782128?
False
Does 122 divide 164737698?
True
Is 2314931858 a multiple of 337?
True
Is 268591395 a multiple of 111?
False
Is 63057120 a multiple of 1149?
True
Is 352 a factor of 209222354?
False
Is 717 a factor of 15698715?
True
Is 9 a factor of 58314519?
True
Does 78 divide 662338853?
False
Is 213342566 a multiple of 25?
False
Is 32469611 a multiple of 402?
False
Is 74 a factor of 15598090?
True
Does 307 divide 484444641?
False
Does 36 divide 31786740?
True
Is 24027200 a multiple of 1600?
True
Is 21 a factor of 252933324?
True
Is 172939651 a multiple of 13?
False
Does 719 divide 146806877?
False
Does 381 divide 671168529?
False
Is 3431 a factor of 4007408?
True
Does 79 divide 19969254?
False
Is 63 a factor of 90929349?
True
Is 65615922 a multiple of 522?
True
Is 764 a factor of 168180126?
False
Is 45684856 a multiple of 14?
True
Does 640 divide 1775995134?
False
Is 95 a factor of 1457317100?
True
Does 20 divide 3511109558?
False
Does 2512 divide 431345360?
False
Is 148 a factor of 119376652?
True
Does 3100 divide 1140311193?
False
Is 7060340 a multiple of 940?
True
Is 377297820 a multiple of 3420?
True
Does 26 divide 68039062?
True
Is 54 a factor of 85531734?
True
Does 9 divide 186863528?
False
Does 34 divide 2014862644?
True
Is 23 a factor of 589464717?
False
Does 61 divide 2377125?
False
Is 24 a factor of 329738856?
True
Is 2848 a factor of 415173647?
False
Does 2980 divide 397733781?
False
Is 83060160 a multiple of 160?
True
Is 3228 a factor of 108224534?
False
Does 345 divide 1059807237?
False
Is 36928028 a multiple of 18?
False
Does 8 divide 39617936?
True
Does 267 divide 40282290?
True
Is 26771536 a multiple of 185?
False
Is 16 a factor of 248981200?
True
Is 29 a factor of 36451503?
False
Does 49 divide 2849546?
True
Is 90471922 a multiple of 57?
False
Is 52178632 a multiple of 22?
True
Is 33829254 a multiple of 473?
False
Is 72530486 a multiple of 14?
True
Is 524 a factor of 43574805?
False
Is 15 a factor of 795917422?
False
Is 3 a factor of 12636908?
False
Is 10 a factor of 605610800?
True
Is 577395408 a multiple of 2514?
True
Does 413 divide 41657245?
True
Does 2908 divide 32512005?
False
Is 84507192 a multiple of 693?
True
Does 71 divide 53669752?
True
Does 9 divide 74903526?
True
Is 5 a factor of 67298178?
False
Is 42 a factor of 137063666?
False
Is 16 a factor of 1560887518?
False
Does 31 divide 3532074?
False
Does 377 divide 3476278376?
False
Is 20 a factor of 3470904780?
True
Is 140979408 a multiple of 24?
True
Is 406767474 a multiple of 933?
True
Does 3 divide 12332535?
True
Is 300472349 a multiple of 460?
False
Is 6133025 a multiple of 138?
False
Is 156 a factor of 90042108?
True
Is 10075780 a multiple of 572?
True
Is 74 a factor of 35017774?
False
Is 22 a factor of 35098822?
True
Does 216 divide 2883600?
True
Does 67 divide 6859192?
True
Is 42 a factor of 1436961288?
True
Does 2230 divide 1320411990?
True
Is 489184955 a multiple of 7?
True
Is 134 a factor of 2347929106?
True
Does 16 divide 6055824166?
False
Does 975 divide 20361771?
False
Is 320 a factor of 1117962880?
True
Does 3350 divide 127606053?
False
Is 2247680132 a multiple of 64?
False
Is 136239146 a multiple of 5?
False
Is 8 a factor of 99544?
True
Does 277 divide 54728376?
False
Is 35 a factor of 568216947?
False
Does 2937 divide 4231789811?
False
Is 62 a factor of 8523512?
True
Does 1412 divide 54861848?
True
Does 1689 divide 108673638?
True
Does 157 divide 25499778?
False
Is 18846355 a multiple of 605?
True
Is 451802254 a multiple of 239?
True
Does 130 divide 135746260?
True
Is 381 a factor of 323916294?
True
Is 11 a factor of 72764766?
False
Does 31 divide 30597837?
True
Does 347 divide 5227497?
False
Does 270 divide 185738670?
True
Is 57 a factor of 1735958541?
True
Does 7 divide 47213502?
True
Does 30 divide 45106314?
False
Is 198319121 a multiple of 4067?
True
Does 1764 divide 207476388?
True
Is 6684818 a multiple of 16?
False
Is 167976648 a multiple of 36?
True
Does 323 divide 1205011288?
False
Is 9060 a factor of 1359742920?
True
Does 62 divide 430274211?
False
Does 27 divide 2703912057?
True
Is 3213525330 a multiple of 2410?
True
Is 2251964 a multiple of 37?
False
Is 378 a factor of 290127096?
True
Is 2780231620 a multiple of 103?
True
Is 21 a factor of 130129026?
False
Is 940 a factor of 27107720?
True
Is 6481 a factor of 36691957?
False
Does 383 divide 477331825?
False
Is 37178579 a multiple of 51?
False
Is 11492208 a multiple of 117?
True
Does 11 divide 69734546?
False
Is 1616157460 a multiple of 3140?
False
Does 920 divide 657815640?
True
Does 14 divide 3877683?
False
Is 332 a factor of 801381268?
True
Is 92 a factor of 606521314?
False
Does 247 divide 46268340?
False
Does 346 divide 9236124?
True
Does 1936 divide 1425957478?
False
Is 18905000 a multiple of 184?
False
Is 140 a factor of 133279720?
True
Does 15 divide 4299577095?
True
Is 5 a factor of 1642533?
False
Is 518116612 a multiple of 50?
False
Is 26 a factor of 2322916663?
False
Is 6331 a factor of 761306658?
False
Does 1292 divide 790548?
False
Is 155883797 a multiple of 6?
False
Does 2309 divide 59281266?
True
Does 17 divide 36058603?
False
Does 60 divide 17651155?
False
Does 12 divide 2824313?
False
Does 10 divide 80808995?
False
Is 2304714 a multiple of 86?
True
Is 6 a factor of 4351214?
False
Is 20103069 a multiple of 23?
False
Is 2406 a factor of 485319072?
True
Is 492486413 a multiple of 293?
True
Is 159053913 a multiple of 12?
False
Is 2389 a factor of 54249412?
True
Does 249 divide 99683811?
False
Is 2704255 a multiple of 306?
False
Is 52 a factor of 1866841704?
True
Does 400 divide 6100907?
False
Is 116387440 a multiple of 227?
True
Is 2698170368 a multiple of 173?
False
Does 910 divide 391549065?
False
Is 1024 a factor of 92106752?
True
Is 93292402 a multiple of 120?
False
Is 30462142 a multiple of 13?
False
Is 33 a factor of 185685852?
True
Is 6970 a factor of 805872242?
False
Is 143 a factor of 494149173?
False
Is 309596085 a multiple of 434?
False
Is 553449723 a multiple of 411?
True
Is 306 a factor of 26491032?
True
Is 2180642015 a multiple of 733?
True
Is 397272778 a multiple of 117?
False
Is 10 a factor of 1913277850?
True
Is 535 a factor of 349846665?
True
Does 4514 divide 714913778?
True
Does 277 divide 8415615?
False
Does 4291 divide 357088438?
True
Is 128357964 a multiple of 4?
True
Is 894 a factor of 98061149?
False
Is 8 a factor of 561371712?
True
Is 53 a factor of 1239111385?
False
Is 1043412120 a multiple of 16?
False
Does 35 divide 163116383?
False
Is 664 a factor of 30115899?
False
Is 36406442 a multiple of 77?
False
Is 11063204 a multiple of 66?
False
Does 9 divide 78332562?
True
Is 11864564 a multiple of 4?
True
Is 737320664 a multiple of 8?
True
Is 137 a factor of 16208059?
True
Does 71 divide 16107344?
True
Is 856 a factor of 15999496?
True
Is 307 a factor of 1240039926?
True
Is 51198451 a multiple of 44?
False
Is 47587799 a multiple of 91?
False
Does 83 divide 973173838?
True
Does 1086 divide 25011666?
True
Is 97 a factor of 127671497?
True
Does 99 divide 830696526?
True
Is 93449600 a multiple of 11600?
True
Is 2222796573 a multiple of 243?
True
Is 8 a factor of 12324072?
True
Is 16 a factor of 45821712?
True
Does 171 divide 156780400?
False
Does 11 divide 924794827?
True
Does 933 divide 56049975?
True
Is 12 a factor of 274875180?
True
Doe